i. Let q = i - m. What are the prime factors of q?
2
Let v(b) = 3*b**3 - 2*b**2 - 3*b + 2. Let d be v(2). What are the prime factors of 3*17 + d + -12?
3, 17
List the prime factors of ((-6)/8)/((-15)/540).
3
Suppose -7*l + 188 + 638 = 0. List the prime factors of l.
2, 59
Suppose -5*o + 4*t = -o - 420, 5*o - 540 = 2*t. What are the prime factors of o?
2, 5, 11
Let z be (-2 - 0) + -1 + 0. Let q(g) = -3*g + 1. What are the prime factors of q(z)?
2, 5
Let s be 110/8 - 6/8. Suppose -s = -l + 10. List the prime factors of l.
23
Suppose -2*o = -10 - 0. Suppose -o = -n + 27. List the prime factors of n.
2
Let q = 14 - -12. Let j = q + -42. Let n = 38 + j. What are the prime factors of n?
2, 11
Let z = 26 + -10. What are the prime factors of z?
2
What are the prime factors of (205/1*(-2)/5)/(-2)?
41
Let m be (-2)/6*0/2. Let z = 6 + -2. Suppose m = -2*w - 0*w + z. List the prime factors of w.
2
Let m = -53 - -59. Let g(i) be the second derivative of i**3/3 + 3*i**2/2 - i. List the prime factors of g(m).
3, 5
Let q(d) = -3*d - 4. Let k = 1 + 5. Let h be (-5)/((-15)/k) - 6. What are the prime factors of q(h)?
2
Let z(k) be the first derivative of k**2 + 2*k - 3. List the prime factors of z(5).
2, 3
Let j(u) = -u - 5. Let m be j(0). Let t = -3 - m. Suppose 34 = t*a + c, 2*a - 24 = a + 3*c. What are the prime factors of a?
2, 3
Let s = -1 - 3. Let d(m) = -m**2 - 8*m. List the prime factors of d(s).
2
Let v be 2*(1 - (-9)/6). Suppose 0*c - 55 = -v*c. What are the prime factors of c?
11
Let y be (-22)/(-4) + 1/(-2). Suppose -y*t = -3*t - 4. Suppose -m = 2*i - 15, t*i - i - 5 = 0. List the prime factors of m.
5
Suppose -2*a = -8*a + 564. What are the prime factors of a?
2, 47
Let a be 1/(2/(-4)) + 2. Let r be (-2)/(-11) - (-714)/66. Suppose a = -5*g + 19 + r. List the prime factors of g.
2, 3
Let g(j) = j**2 + 5*j + 5. Let p be g(-4). Let d = -3 + 4. Let h = d + p. List the prime factors of h.
2
Suppose -4*i + 3*i - 4 = 0. Let o = 0 - i. What are the prime factors of o?
2
Let y = -10 - -16. Let o(l) = 3*l - 7. What are the prime factors of o(y)?
11
Suppose 4*k = 2*k + 206. What are the prime factors of k?
103
Suppose 0 = 4*v - t - 15, -2*v + 5*t = -4*v - 9. Suppose 0 = -u - 0*u + v*a + 33, 0 = u + 2*a - 8. What are the prime factors of u?
2, 3
Let u = 101 - 73. What are the prime factors of u?
2, 7
Suppose 2*d + 6 = b - 0*b, 46 = 4*b + 3*d. What are the prime factors of b?
2, 5
Let d(j) = 5*j**2 + 0*j - j + j**3 + j**2. What are the prime factors of d(-3)?
2, 3, 5
Suppose -5*c - 2 = -q, -5*q - 5*c + 0*c + 10 = 0. Suppose -2*p + 1 = -p. Suppose -q*n = -p - 9. List the prime factors of n.
5
Let v be (-60)/45*6/(-4). Let d = 102 - 68. Suppose v*y - d = -0*y. List the prime factors of y.
17
Suppose -5*g = -22 - 83. List the prime factors of (-658)/g*(-3)/2.
47
Let x(d) = -d**2 + 13*d - 10. Let g be x(10). What are the prime factors of (-272)/(-10) + (-4)/g?
3
Suppose 176 + 196 = -4*r. Let i = r + 136. List the prime factors of i.
43
Let c(d) = d**3 - d**2 + d + 2. Let o be c(0). Suppose -o*p = 2*p + 12. Let j = 3 - p. What are the prime factors of j?
2, 3
Let c(o) = o**3 + 5*o**2 - 2*o + 5. List the prime factors of c(-3).
29
What are the prime factors of (129 - 5) + 4/2?
2, 3, 7
What are the prime factors of ((-20)/35)/((-4)/14)?
2
Let p = 17 + -17. Let n(m) = -m + 15. List the prime factors of n(p).
3, 5
Suppose 2*z - 103 + 23 = 0. What are the prime factors of z?
2, 5
Suppose -3*d = -3 - 3. Let t = 14 + d. What are the prime factors of t?
2
Suppose 4*z + 90 + 44 = -5*q, 49 = -2*q + 3*z. Let r = q - -45. List the prime factors of r.
19
Suppose 0*h - 57 = -3*h. Suppose 0*t = t - s + 3, 0 = -4*t - 4*s - 44. Let v = t + h. List the prime factors of v.
2, 3
Suppose 0 = -2*u + 3*u - 4. Suppose u*r - 35 = -4*s + s, s = r - 7. What are the prime factors of r?
2
Let n(k) = k**3 + 7*k**2 + 2*k + 9. Let u be n(-7). Let o be u*(-1 + -2 + 2). Suppose 0*g = o*g - 15. List the prime factors of g.
3
Let l(x) be the second derivative of -x**5/20 - x**4/4 + x**3/6 - x**2/2 + x. Let p be l(-3). Let o = 11 + p. What are the prime factors of o?
7
Let h = 252 + -97. What are the prime factors of h?
5, 31
What are the prime factors of 93 + 3*4*1/4?
2, 3
Let y(z) = -z**3 - 5*z**2 + 6*z + 6. Let m be y(-6). Suppose 0 = o - m - 4. List the prime factors of o.
2, 5
Let n = -6 + 11. Suppose n*l = 4*y - 0*l - 40, 0 = -y + 2*l + 10. What are the prime factors of y?
2, 5
Let w(l) = -2*l - 5. Let h(j) = 4*j + 9. Let i(z) = 2*h(z) + 5*w(z). Let k be (-2 - (2 - 56/12))*-9. What are the prime factors of i(k)?
5
Let v(d) = 12*d**2 - 3*d + 3. Suppose -3 = -r - 1, w + 2*r = 6. What are the prime factors of v(w)?
3, 5
Let m(i) be the first derivative of i**4/4 - i**3 - i**2/2 - 5*i - 2. List the prime factors of m(4).
7
Let v(x) = x**3 + 8*x**2 + 18. What are the prime factors of v(-6)?
2, 3, 5
Suppose 4*u = u + 12. Suppose 0 = -2*l - y - y + 32, -u*l = -4*y - 64. List the prime factors of l.
2
What are the prime factors of (-3311)/(-35) + 3/(-5) + 2?
2, 3
Let l(x) = x**2 + x + 2. Let o be l(-2). Let q(i) = o*i - 7*i - 1 - 7*i. List the prime factors of q(-1).
3
Suppose 4*w + 22 = 214. List the prime factors of w.
2, 3
Let s = -4 + 5. Suppose 3*t - s + 7 = a, -a - 2*t = -21. What are the prime factors of a?
3, 5
Let s(h) = h**2 - 3*h - 7. Let y be s(8). Suppose -3*l + 3*o + y = 0, 0 = 5*l - o - 20 - 27. What are the prime factors of l?
3
Let q be 42/(-15)*(-75)/(-3). Let m = 122 + q. List the prime factors of m.
2, 13
Let q = -9 + 27. What are the prime factors of q?
2, 3
Let o = 21 + -17. Suppose 11 = k - 3*w - 1, -36 = -3*k + o*w. What are the prime factors of k?
2, 3
Suppose s + 0*s = 24. What are the prime factors of s?
2, 3
Suppose 0*u - 7*u + 84 = 0. What are the prime factors of (4*29)/(u + -10)?
2, 29
Suppose -3*w = 4*y - 1 + 2, -3*w = 2*y - 7. Let u(j) = -11*j - 3. What are the prime factors of u(y)?
41
Let q(a) = a**3 + 9*a**2 + 7*a - 6. Let z be q(-8). Let o = z + 1. List the prime factors of o.
3
Suppose -m - 13 = -4*o + o, -4*m - 20 = -4*o. Let d(b) = -44*b**3 + b**2 - b - 1. What are the prime factors of d(m)?
3, 5
Let q(b) = 2*b**2 - 2*b. Suppose -3*k - 5*y = -31, -2*k + 5*y - 2 = 19. Suppose 0 = -k*h + 4*h + 4. List the prime factors of q(h).
2, 3
Let r(h) = h**3 + 7*h**2 - h - 5. Let w be r(-7). Suppose 5*c = p + p + 65, -42 = -w*c + 4*p. List the prime factors of c.
11
Let x be ((-5)/4)/(4/(-16)). Let s = 5 + x. List the prime factors of s.
2, 5
Let j(r) = 4*r**2 + 2*r + 2. Let a be j(-1). Suppose -a*m + 42 = -m. What are the prime factors of m?
2, 7
Suppose -27 = 5*k - 127. What are the prime factors of k?
2, 5
Let w(s) = 9*s + 11. List the prime factors of w(4).
47
Let v(n) = -n**2 + 7*n + 5. Let k be v(8). Let h = k + 15. What are the prime factors of h?
2, 3
Suppose -36 = 4*o + p + 3*p, -5*o - 4*p - 46 = 0. List the prime factors of 246/15 - 6/o.
17
Suppose 5*o + 2*a + 3 - 28 = 0, -4*o + 2*a + 38 = 0. Suppose 2*b = o*b - 15. Suppose -21 - 18 = -2*v - 5*p, -b*v - 4*p + 48 = 0. List the prime factors of v.
2, 3
Let o = -17 - -71. Suppose 2*i - 2*y + 396 = 0, -3*y + 138 = -i - o. List the prime factors of i/(-15) + (-6)/15.
13
Let v(m) = m**3 + 8*m**2 - m - 4. Let p be v(-8). Suppose -q = 3*f - 23, 52 = p*q - f + 3*f. What are the prime factors of q?
11
Let l(z) = -z**3 + 12*z**2 - 8*z - 22. What are the prime factors of l(9)?
149
Let j be (4 + 6/(-3))*2. Suppose -28 = -0*a - j*a. List the prime factors of a.
7
Suppose v - 5*y = 28 + 48, -3*v = -5*y - 198. Suppose -4*r + 43 = 2*i - i, 3*r - v = 5*i. List the prime factors of r.
2, 3
Suppose -a + 0*j + 2*j = -13, -a + 19 = 4*j. List the prime factors of a/1*(-10)/(-25).
2, 3
Let c = 5 + -3. Let n be c*1 + 1 + -2. Let a(x) = 9*x**3 + 2*x**2 - x. What are the prime factors of a(n)?
2, 5
Let c be ((-6)/(-2))/((-12)/(-64)). Suppose 2*m + 2*j - 8 = 0, -4*m + 2*j - c = -50. List the prime factors of m.
7
Let h be 18 + -5 + 2 + -1. Suppose h + 19 = 3*y. List the prime factors of y.
11
Let w be 2/(-3)*(-6)/(-4). List the prime factors of 2*(12 + (1 - w)).
2, 7
Let v = -10 - -2. Let s = v + 30. List the prime factors of s.
2, 11
What are the prime factors of (2 - (-9 - -2))*44/6?
2, 3, 11
Suppose 3*y - 4*y = 0. What are the prime fact